7, 14330399
What are the prime factors of 1579532750?
2, 5, 6318131
What are the prime factors of 1019607848?
2, 7, 23, 47, 16843
List the prime factors of 157763885.
5, 1181, 26717
List the prime factors of 978115230.
2, 3, 5, 17, 213097
What are the prime factors of 20798432?
2, 383, 1697
List the prime factors of 4014641991.
3, 2887, 463531
List the prime factors of 931351203.
3, 41, 93481
List the prime factors of 80957049.
3, 751, 35933
What are the prime factors of 387516904?
2, 17, 2849389
List the prime factors of 1564359000.
2, 3, 5, 257, 2029
What are the prime factors of 8140723?
83, 98081
List the prime factors of 71170283.
71170283
List the prime factors of 20096943.
3, 6698981
List the prime factors of 285576113.
285576113
What are the prime factors of 296162984?
2, 13, 17, 127, 1319
What are the prime factors of 1574386166?
2, 47, 283, 59183
What are the prime factors of 35513096?
2, 4439137
What are the prime factors of 25674806?
2, 101, 127103
What are the prime factors of 125584508?
2, 7, 17, 23, 11471
List the prime factors of 6594424140.
2, 3, 5, 547, 200927
List the prime factors of 1100378976.
2, 3, 31, 369751
List the prime factors of 179584953.
3, 31, 167, 373
What are the prime factors of 9577089?
3, 43, 73, 113
List the prime factors of 466019036.
2, 7, 43, 53, 67, 109
What are the prime factors of 37371564?
2, 3, 293, 1181
List the prime factors of 1489821406.
2, 744910703
List the prime factors of 1481799411.
3, 31, 179, 29671
What are the prime factors of 37553141?
47, 799003
List the prime factors of 20919646.
2, 11, 19, 50047
What are the prime factors of 1175044652?
2, 211, 1392233
List the prime factors of 5454852.
2, 3, 13, 73, 479
What are the prime factors of 49353718?
2, 24676859
What are the prime factors of 12009865?
5, 7, 31, 11069
List the prime factors of 7119852147.
3, 23, 29, 1186049
What are the prime factors of 1036787651?
157, 6603743
What are the prime factors of 560436629?
29, 293, 65957
List the prime factors of 131134169.
131134169
List the prime factors of 1316983341.
3, 821, 534707
What are the prime factors of 5691586634?
2, 2845793317
List the prime factors of 869720940.
2, 3, 5, 11, 439253
What are the prime factors of 47429809?
7, 179, 37853
What are the prime factors of 32167721?
32167721
What are the prime factors of 1827161501?
11, 29, 59, 97081
What are the prime factors of 81460427?
81460427
List the prime factors of 6870597169.
89, 77197721
List the prime factors of 261773944.
2, 19, 439, 3923
List the prime factors of 1321184910.
2, 3, 5, 337, 130681
List the prime factors of 160821219.
3, 13, 4123621
What are the prime factors of 338516498?
2, 71, 2383919
What are the prime factors of 33393910?
2, 5, 11, 303581
List the prime factors of 41480593.
7, 11, 538709
What are the prime factors of 22950205?
5, 23, 199567
What are the prime factors of 102768508?
2, 23, 47, 23767
What are the prime factors of 263447022?
2, 3, 127, 345731
List the prime factors of 320594200.
2, 5, 59, 101, 269
What are the prime factors of 1781915845?
5, 137, 2601337
List the prime factors of 1202151.
3, 43, 9319
List the prime factors of 7610185357.
41, 61, 3042857
What are the prime factors of 54662625?
3, 5, 48589
What are the prime factors of 31454425?
5, 1258177
List the prime factors of 515894161.
653, 829, 953
What are the prime factors of 1824964481?
1163, 1569187
What are the prime factors of 43170946?
2, 7, 13, 237203
What are the prime factors of 519145042?
2, 13, 71, 281227
What are the prime factors of 94454731?
7, 13493533
List the prime factors of 373168174.
2, 186584087
What are the prime factors of 5100991412?
2, 11, 115931623
List the prime factors of 242196086.
2, 11, 193, 57041
What are the prime factors of 2478024431?
17, 8574479
List the prime factors of 968251894.
2, 19, 25480313
List the prime factors of 409487067.
3, 11, 211, 19603
What are the prime factors of 99046530?
2, 3, 5, 11, 33349
What are the prime factors of 186171488?
2, 17, 41, 491
List the prime factors of 1038565726.
2, 11, 19, 1307, 1901
What are the prime factors of 4349003114?
2, 1091, 1993127
List the prime factors of 247905091.
7, 71, 498803
What are the prime factors of 128643444?
2, 3, 43, 27701
List the prime factors of 31202935.
5, 6240587
What are the prime factors of 33110701?
13, 47, 1153
List the prime factors of 33535087.
31, 1081777
List the prime factors of 2086707342.
2, 3, 347784557
What are the prime factors of 63542882?
2, 13, 23, 59, 1801
List the prime factors of 5340387188.
2, 1335096797
List the prime factors of 11842417.
137, 86441
What are the prime factors of 130631724?
2, 3, 1019, 1187
What are the prime factors of 1781343411?
3, 61, 691, 14087
List the prime factors of 3532788582.
2, 3, 31, 43, 487, 907
What are the prime factors of 198391990?
2, 5, 109, 182011
List the prime factors of 1644797226.
2, 3, 17, 677, 23819
List the prime factors of 3269157108.
2, 3, 7, 1499, 3709
List the prime factors of 1163388029.
199, 5846171
List the prime factors of 25164175.
5, 71, 14177
List the prime factors of 73125239.
11, 857, 7757
List the prime factors of 1098498769.
43, 383, 66701
What are the prime factors of 28066835?
5, 2039, 2753
What are the prime factors of 3735529720?
2, 5, 13, 73, 98407
What are the prime factors of 10920539?
7, 1560077
List the prime factors of 59180260.
2, 5, 263, 11251
List the prime factors of 335508217.
11, 149, 277, 739
List the prime factors of 126424284.
2, 3, 7, 23, 65437
What are the prime factors of 52680575?
5, 2107223
What are the prime factors of 37159743?
3, 23, 137, 3931
What are the prime factors of 773694018?
2, 3, 937, 1699
What are the prime factors of 2014685168?
2, 89, 379, 3733
What are the prime factors of 437588994?
2, 3, 31, 131, 17959
List the prime factors of 85977439.
157, 547627
What are the prime factors of 374955157?
374955157
List the prime factors of 114196757.
114196757
What are the prime factors of 1986781661?
31, 64089731
What are the prime factors of 3615680565?
3, 5, 7, 131, 29207
What are the prime factors of 59669367?
3, 19, 47, 22273
What are the prime factors of 1784688460?
2, 5, 1619, 55117
List the prime factors of 55871922.
2, 3, 23, 29, 607
List the prime factors of 47501833.
53, 283, 3167
What are the prime factors of 8213590011?
3, 11, 248896667
List the prime factors of 58090269.
3, 19363423
List the prime factors of 895258049.
7, 23, 263, 21143
List the prime factors of 44495970.
2, 3, 5, 17, 43, 2029
What are the prime factors of 1551288196?
2, 37, 10481677
List the prime factors of 29643061.
7, 4234723
What are the prime factors of 4841171758?
2, 991, 1543, 1583
List the prime factors of 96185292.
2, 3, 7, 179, 6397
What are the prime factors of 856894261?
856894261
What are the prime factors of 3647745928?
2, 455968241
What are the prime factors of 4194460230?
2, 3, 5, 37, 3778793
What are the prime factors of 203895450?
2, 3, 5, 11, 17, 2423
List the prime factors of 9190090.
2, 5, 7, 13, 10099
What are the prime factors of 29714121?
3, 366841
What are the prime factors of 1627590859?
103, 491, 32183
List the prime factors of 6693185.
5, 1338637
What are the prime factors of 376056949?
17, 19, 29, 2113
List the prime factors of 73031965.
5, 14606393
What are the prime factors of 2363343136?
2, 7, 11, 959149
What are the prime factors of 3393112591?
11, 461, 669121
List the prime factors of 4705939323.
3, 19, 25411
List the prime factors of 12396759.
3, 19, 79, 2753
What are the prime factors of 224810340?
2, 3, 5, 3746839
What are the prime factors of 483076254?
2, 3, 19, 163, 25997
List the prime factors of 4214298269.
149, 197, 143573
What are the prime factors of 50299805?
5, 10059961
List the prime factors of 5611003834.
2, 2805501917
What are the prime factors of 782172824?
2, 97771603
What are the prime factors of 14023069?
14023069
List the prime factors of 2682751911.
3, 7, 19, 960527
What are the prime factors of 160893310?
2, 5, 89, 180779
List the prime factors of 370814072.
2, 46351759
List the prime factors of 647109376.
2, 31, 73, 1117
What are the prime factors of 756944497?
15973, 47389
What are the prime factors of 15683298?
2, 3, 2613883
What are the prime factors of 581246279?
581246279
List t